= -y. Let b be 2/1 + 1 + -1. Let v be 552/21 - b/7. What is the highest common divisor of v and y?
13
Let a = -2017 - -2057. Let f be (-2)/(-7) - (-33)/7. Calculate the highest common factor of a and f.
5
Suppose 8*y = -216 - 216. Let n = 68 + y. What is the highest common divisor of n and 14?
14
Let w(p) = -3*p**3 - 20*p**2 - p + 12. Let y be w(-9). What is the greatest common factor of y and 12?
12
Let u be 2/5 + (-13)/(-5). Let g = 290 - 289. What is the highest common factor of u and g?
1
Let r be 26/4*(-3 + 5 + 58). What is the highest common factor of r and 30?
30
Let i = -435 - -624. Let n = -3 + 44. Let o = 62 - n. What is the greatest common factor of i and o?
21
Let l = -456 - -479. What is the highest common factor of l and 23?
23
Let f(r) be the third derivative of r**6/60 - r**5/60 + r**4/8 - r**3/3 + 47*r**2. Let k be f(2). Calculate the greatest common factor of 6 and k.
2
Suppose -a + 23 = 3*w, -4*a + 2*a - 5*w + 48 = 0. Calculate the highest common factor of a and 58.
29
Let q(m) = -7*m**2 + 24*m + 13. Let w(n) = n**2 - n. Let y(x) = q(x) + 6*w(x). Let b be y(17). What is the highest common factor of 10 and b?
10
Suppose -3*t + 3*q = -582, -786 = -4*t + 14*q - 15*q. Let k be -1 - 0 - (-14 - 1). Calculate the greatest common factor of t and k.
14
Let m = 17 - 17. Suppose -3*l + 15 = -m*l. Suppose -7*q = -4*c - 4*q + 148, 3*c - 82 = -l*q. Calculate the highest common divisor of 170 and c.
34
Let r(a) = 6 + 1 - 2*a**3 + 0*a**3 - 7*a + 18*a**2. Let c be r(7). What is the highest common factor of c and 14?
14
Let p(y) = 15*y + 495. Let c be p(-27). What is the highest common factor of 330 and c?
30
Let u be -1 + (-4)/(-3*8/18). Suppose -2*h + 123 = u*z + z, -h = 3. What is the highest common divisor of 215 and z?
43
Let u be (376/(56/7))/(2/4). Let y = -88 + u. What is the greatest common factor of y and 12?
6
Suppose 0 = -2*p + 18. Suppose 4*h - 27 = p. What is the greatest common divisor of 72 and h?
9
Let k(c) = -c**3 - 14*c**2 + 13*c - 27. Let v be k(-15). Suppose j + 48 = 4*n, 0 = 3*n - 2*n + v*j + 1. What is the highest common factor of n and 1?
1
Let d be 6/27 + 3627/81. Calculate the highest common factor of 63 and d.
9
Let i(g) = 4*g - 10. Let c be i(8). Let y be 5/10 - c/(-4). Suppose -y*x + 90 = -x. Calculate the highest common divisor of 9 and x.
9
Suppose 2*j - 11 = -s + 5*j, -2*j = 4*s - 2. Suppose 92 = 2*p + 4*c - 0*c, -s*c = 2*p - 88. Calculate the greatest common factor of 252 and p.
42
Suppose 63 = 3*r + 3*k, r = -3*k - 2*k + 1. Let f = 31 + -19. Suppose g - f = 1. Calculate the greatest common divisor of g and r.
13
Let c(w) = 9*w**3 - w**2 + 2*w. Let t be c(1). Calculate the highest common factor of t and 2.
2
Let t = -3 + 11. Let r be 532/84 + 4/(-3) + 1. Calculate the highest common factor of r and t.
2
Let o(n) = 4*n**2 - 6*n + 2. Let g be o(3). Calculate the greatest common factor of 100 and g.
20
Let m be (-2170)/(-1519) + (-6612)/(-7). What is the highest common factor of 110 and m?
22
Let u be (-3)/7 + 7965/63. Suppose 0*r - u = -2*r. Suppose -3*d + r = -5*g - 7, 3*g - 12 = 0. What is the greatest common divisor of d and 90?
30
Let s(b) = b**2 + 11*b - 25. Let r be s(-16). Calculate the greatest common factor of 5 and r.
5
Let a(w) = -3*w + 4. Let j be a(-4). Let c(p) = 17*p + 696. Let v be c(-40). What is the greatest common factor of j and v?
16
Let q be (6*2/8)/(((-10)/(-500))/1). Suppose -61 = -r - 16. Calculate the greatest common divisor of r and q.
15
Suppose 5*c - 7*c = -4*j + 150, 4*c = 4*j - 156. What is the highest common divisor of j and 117?
9
Let w = 149 + 421. Suppose -3*c + 4*d = -596, -2*d = -5*c + 428 + w. What is the highest common factor of c and 20?
20
Suppose 0 = j - 2*m - 40, -m = 5*j - 123 - 121. Calculate the highest common factor of j and 36.
12
Let c = 2607 - 2033. What is the greatest common factor of c and 98?
14
Let l = -17 + 19. Let c(h) = 9*h**2 + 24*h**2 + 1 - 2*h**2 - 3*h + 1. Let r be c(l). What is the greatest common factor of 15 and r?
15
Suppose -p + 6 + 6 = 0. Let t(d) = -d**2 - 112*d + 236. Let x be t(-114). Calculate the greatest common factor of p and x.
4
Let p(d) be the third derivative of d**6/120 - d**5/60 + d**4/24 - d**3/2 + 12*d**2. Let m be p(2). What is the highest common factor of 24 and m?
3
Let q(o) = -o + 16. Let g be q(-7). Calculate the greatest common factor of 368 and g.
23
Suppose 3*d = 2*d + 1. Let f be (3 - -537*1)*d. Suppose -5*s + 0*s + f = 0. What is the greatest common factor of s and 12?
12
Let v be 2*(-1)/4*-10. Suppose -2*n + 4*n = -3*u + 81, -v*u - 3*n + 135 = 0. Calculate the greatest common divisor of u and 81.
27
Let l(g) = 2*g**2 - 39*g + 56. Let t be l(19). What is the highest common divisor of t and 185?
37
Let q be ((-1)/(-2))/(13/3146). Let l(y) = -y**2 - y + 11. Let v be l(0). What is the highest common divisor of q and v?
11
Suppose 2720 = 25*w - 1555. What is the highest common factor of 27 and w?
9
Let w = 259 - -66. Calculate the greatest common factor of 130 and w.
65
Let i(b) = 42*b**2 - 30*b - 28. Let z be i(-1). Calculate the greatest common divisor of 484 and z.
44
Let t(y) = -y + 5. Let s be t(7). Let n be 1976/(-39)*(-1 + 1/s). Calculate the greatest common divisor of n and 19.
19
Let p be (-21)/(-28) + (-6)/8. Let n = -37 - -59. Suppose p = -3*r + 26 + n. What is the greatest common factor of 32 and r?
16
Let d(f) = -6 - 6 - 3 + 5 + 6*f. Let m be d(5). Let n(w) = -w**3 - 7*w**2 + 4*w + 18. Let q be n(-8). Calculate the greatest common divisor of q and m.
10
Suppose 0 = h - 0 - 2. Suppose -5*z + 3*g + 238 = h*g, -3*g = 2*z - 102. Let k = -471 + 483. What is the greatest common factor of z and k?
12
Let q(c) = 97*c + 831. Let p be q(-8). What is the highest common factor of 3 and p?
1
Let m = -49 + 119. Let r = 106 - m. Let h be -1 - (-4)/1 - -6. Calculate the greatest common factor of h and r.
9
Let m be (-7 + (2 - 1))*-4. Suppose v + v = m. Let t = -229 + 325. Calculate the highest common divisor of v and t.
12
Suppose -5*w - 2*v = -16, 0*v = 4*v - 12. Suppose 5*t + 4*g - 3 = 0, t + 2*g = -w*g - 9. Calculate the highest common factor of 12 and t.
3
Suppose -p + 80 = -5*p. Let l = 31 + p. Let o = -5034 + 5155. Calculate the greatest common factor of l and o.
11
Let r be 3388/70 + -3*(-6)/(-45). What is the greatest common factor of r and 32?
16
Suppose 153 = 2*q + q. Let b(k) = 5*k - 69. Let g be b(12). Let a = q + g. What is the highest common factor of 6 and a?
6
Suppose -612*j = -613*j + 87. Calculate the highest common divisor of j and 1073.
29
Let y(g) be the third derivative of -g**4/8 + 5*g**3/6 + 6*g**2. Let t be y(4). Let l be (-2)/t - 33/(-7). Calculate the highest common factor of l and 45.
5
Let w(z) = -z**2 - 6*z - 3. Let i be w(-3). Let m = 3897 - 3894. Calculate the highest common factor of i and m.
3
Let g(v) = 2*v**2 - v - 2. Let i be g(2). Let k be (-3 + -2)*(-2)/5. Let c = 0 + k. What is the highest common factor of c and i?
2
Let i be (-3)/7 - 21730/(-70). Calculate the highest common divisor of 155 and i.
155
Let y(u) = -4*u + 0*u - 21*u - 6 + 5*u. Let v be y(-3). What is the highest common factor of 6 and v?
6
Let g be 1 - 3*1/3. Suppose j - 3*m + 2*m - 7 = g, 4*j - 20 = 2*m. Let y be 19 + 1*j/(-1). What is the greatest common divisor of y and 24?
8
Let a(s) be the second derivative of -167*s**3/6 + s**2/2 - s. Let h be a(-1). Suppose 27*d + 1260 = 87*d. What is the greatest common divisor of d and h?
21
Suppose 0*g - 2*g + 18 = 0. Let n(h) = h**2 - 14*h - 39. Let t be -2 - ((3 - 7) + -18). Let r be n(t). Calculate the highest common factor of g and r.
9
Let n = 39 - 29. Suppose 0 = -p + 6*p - 3*t + 2, -2*t + 18 = 5*p. Suppose -45 = -p*q - 5. What is the highest common factor of n and q?
10
Let x = 867 + -852. Suppose 105 = 5*p - 4*p. Calculate the highest common factor of x and p.
15
Let k(v) = v**3 + 10*v**2 + 6. Let p be k(-10). Suppose -4*r + 24 = 4*y, -3*r + 4*y - 4 = p. Calculate the highest common divisor of r and 22.
2
Let s = 20 + -18. Suppose 153 = s*u + u. Calculate the greatest common divisor of u and 34.
17
Let n be (-168)/(-5) + (-2)/(-5). Suppose n + 23 = 5*z - 2*f, -4*f + 40 = 4*z. What is the greatest common divisor of 11 and z?
11
Suppose -240 = -5*b + 4*b. What is the gre